(q) = o*k(q) + 13*d(q). Determine v(l).
-7
Let g(l) = -l**3 + 7*l**2 + 38*l - 60. Let x be g(10). Let r(v) = 2*v**2 - 39*v + 2. What is r(x)?
22
Let j be (-8)/(-3) - (2/3)/(-2). Let h(v) = 19*v - 4 + 5 - j*v. Calculate h(1).
17
Suppose -5*z + x = -117, -3*z - 11*x + 8*x + 63 = 0. Let l(k) = k**2 - 22*k - 29. Determine l(z).
-6
Suppose 0 = 2*b - 94 + 54. Suppose -7*y = b - 69. Suppose y = -4*m - 5*p, 5*m + 1 + 16 = 2*p. Let f(x) = x**3 + 4*x**2 + 3*x + 3. Determine f(m).
3
Let b(c) = c**3 - 8*c**2 + 7*c + 3. Let r be b(7). Suppose -4*a + w + 22 = 0, w - 6 = -r*a + 7. Let i(n) = -n**3 + 7*n**2 - 8*n + 4. Give i(a).
14
Let d(s) = s**2 - 2. Let q(w) = 4*w**3 - 23*w**2 + 32*w - 1. Let i be q(3). Determine d(i).
14
Let o be (7 + -13)/(6/9). Let z(n) be the third derivative of -n**5/60 - 11*n**4/24 - 7*n**3/6 - n**2. Give z(o).
11
Let y(s) = -s**3 - 11*s**2 - s - 3. Let m be y(-11). Let t(a) be the third derivative of a**4/12 - 5*a**3/3 + 491*a**2. What is t(m)?
6
Let q(v) = 17 - 12*v - 17 + 19 + 2*v. Calculate q(3).
-11
Let t(s) be the third derivative of s**4/6 - 20*s**3 - 2779*s**2. Give t(28).
-8
Let y be 70/(-20) - (1 - 5). Let v(i) be the second derivative of -6*i + 1/2*i**3 + y*i**2 + 0. Calculate v(3).
10
Let s(k) = -3*k**2 - 95*k - 385. Let q be s(-27). Let g(x) = x**3 + 10*x**2 + 19*x + 33. Determine g(q).
47
Let l(q) = 6*q - 75. Let x be l(14). Suppose x*k - 22*k = -52. Let m(y) = 9*y + 1. Give m(k).
37
Let p(s) = s + 4 - 6 + 4. Let u(i) be the third derivative of -i**5/60 - i**4/2 - 11*i**3/3 - i**2. Let x be u(-10). Calculate p(x).
0
Let z(f) = -3*f + 1. Suppose 3*i = -6, -2*d + 3*d + 32 = -5*i. Let s(h) = 6*h**2 + 430*h - 5*h**2 + 27 - 407*h. Let x be s(d). What is z(x)?
-14
Let j(r) = 4*r**3 - 2*r - 2. Let k(p) = p**3 - 3*p**2 + 8*p - 49. Let h be k(4). Let f be j(h). Let z(m) = 2*m + 6 + 5 - 5 - 1. Determine z(f).
-3
Let r be (-784)/(-980)*(-6 - -1). Let o(q) = -q**2 + q + 13. Give o(r).
-7
Let k(u) = 2 + 13*u + 177*u**2 + 2*u - 172*u**2. What is k(-4)?
22
Let s(p) = -84 + 47*p + 73 + 79 - 33*p + 73. Give s(-10).
1
Let a(l) = 6*l**2 + 3*l - 44. Let y be a(-5). Suppose -y*v = -86*v - 35. Let x(k) = k**2 - 5*k - 3. Determine x(v).
11
Let a(b) = 16 + 5*b**3 - b**3 - 3*b**3 + 2*b + 0*b**3 + 10*b**2. Let f be a(-10). Let t(p) = p**2 + 4*p + 3. Let x be t(f). Let r(z) = 2*z - 2. Determine r(x).
4
Let j(r) = r. Let c = -4 - -9. Suppose -16 = -6*f + c*f. Suppose 4*d = -12 - f. What is j(d)?
-7
Let l be (2 - -4) + -8*7/56. Let r(u) = 2*u**3 - 10*u**2 - u + 1. Calculate r(l).
-4
Let n be ((-27)/(-504)*14)/((-76)/(-32) + -2). Let y(d) = d**3 + 2*d**2 - 4*d + 8. Calculate y(n).
16
Let u = 52 + 2. Let f = u + -52. Suppose 0 = -3*q + i + 7, f*q - i + 4*i = 1. Let x(v) = -2*v**3 + 2*v**2 + v. What is x(q)?
-6
Suppose -375 + 202 = -14*m + 261. Let v(g) = -3*g + 99. Give v(m).
6
Let z(y) = -5*y**3 - 36*y**2 + 14*y - 46. Let k(j) = -6*j**3 - 39*j**2 + 13*j - 46. Let l(h) = 6*k(h) - 7*z(h). Calculate l(17).
-5
Let z(p) = p**3 - 6*p**2 - 8*p + 3. Suppose 2*b = 3*a + 85, -b + 3*b - 87 = a. Suppose -n = -5*n + b. Suppose 0 = -2*h + n + 3. Calculate z(h).
-4
Suppose 71 = 5*y + 16. Let q(i) = -4*i**2 + 19*i**2 + 3*i - y*i**2 - 5*i**2. Calculate q(5).
-10
Let x(h) = 4*h - 21. Let u be (-13 + 1192/88)*11/1. Calculate x(u).
3
Let f(v) = -v. Let c(o) = -15*o - 6*o + 20*o - 1 + 2. Let x(l) = -3*c(l) - 2*f(l). Calculate x(6).
27
Suppose m + 18 = 5*d - d, -2*m + 3*d = 11. Suppose 5*a = -3*n + 28 - 2, 0 = 3*n + m*a - 14. Let x(f) = f + 1. Determine x(n).
3
Let z(v) = 3*v + 6. Let b(w) = 7*w + 13. Let j(i) = i + 2. Let o(k) = -b(k) + 6*j(k). Let c(n) = -5*o(n) - z(n). Give c(7).
13
Let f(n) = n**3 - 14*n**2 + n + 5. Suppose -11*v + 39 = 3*r - 14, -r = -2*v - 12. Calculate f(r).
19
Let d(k) be the first derivative of k**4/4 - 14*k**3/3 - k**2/2 + 17*k + 191. Let z be d(14). Let y(n) = 3*n + 1. Determine y(z).
10
Let b(u) = u**2 + 5*u + 20. Suppose 0 = -4*c - 24 + 4. Give b(c).
20
Let v(x) be the second derivative of x**5/4 + x**2/2 + x + 94. What is v(1)?
6
Suppose 14 = -4*d - 3*j, -4*d - 2*j - 22 = -3*j. Let m(s) = -9*s**2 - s + 2. Let k(x) = 11*x**2 + x - 2. Let c(r) = d*m(r) - 4*k(r). What is c(0)?
-2
Let h(w) = -w**3 - w**2 + 2*w + 3. Let a = 31 + -33. Let x be ((-3)/(-5))/(a*11/110). What is h(x)?
15
Let k(y) = 2*y - 62. Let z(n) = n**3 - 23*n**2 + 137*n - 65. Let j be z(10). Give k(j).
-52
Let i be 192/40*10/4. Suppose i*s - 3*s = -54. Let l(p) = p**2 + 7*p - 7. Let g(y) = -1. Let b(f) = 3*g(f) - l(f). Give b(s).
10
Let n(o) = o**2 + 3*o. Let m(j) = -j**2 + 5*j + 12. Let i(b) = -m(b) - 6*n(b). Determine i(-4).
0
Let w(p) = 11*p + 32. Let l(f) = 9*f + 21. Let s(x) = -7*l(x) + 5*w(x). Determine s(1).
5
Suppose -3*q = -4*q + 33. Suppose 2*b + 3*w - q = 0, -5*w - 95 = -4*b + 4. Suppose 0 = -18*r - b + 111. Let v(y) = -2*y - 5. Determine v(r).
-15
Let b(j) = -6*j**3 + j**2 - 1. Let t be b(-1). Let a(o) = -8*o**3 + 48*o**2 - o + 3. Let q be a(t). Let g(i) = -i**3 - 2*i**2 + 3*i + 4. Determine g(q).
4
Let q(y) = -2*y**2 - 5*y. Suppose p - 4*g = -13, 3*g = 4*p - 0*p. Suppose p*k = -4*l - 2 - 27, -l = k + 8. Calculate q(l).
-25
Let g(z) = -31*z + 222. Let c be g(7). Suppose 0 = -c*p + 2*j - 25 + 5, -p + 13 = 3*j. Let b(a) = 0*a**3 - 1 + 3*a**2 - 4*a**2 - a**3. Give b(p).
3
Suppose 1803 + 172 + 3125 = 850*d. Let i(w) = 3*w + 8. Determine i(d).
26
Suppose 0 = -g - 5*q + 31, 3*g + 304*q + 40 = 308*q. Let n(d) = -d**2 - 19*d - 56. Give n(g).
4
Let v(g) = -g**2 - g. Let f(n) = 12*n + 6. Let d(y) = -y**3 - 15*y**2 + 14*y - 33. Let w be d(-16). Let j(c) = w*f(c) - v(c). What is j(9)?
-24
Suppose 4*h + 3*k = 243, 11*h + 208 = 15*h - 4*k. Let o(c) = 104*c - 48*c - h*c - 2. Calculate o(-2).
0
Let n be 9/6*(-12)/(-2). Let w = n - 5. Let u(v) = v - 591*v**2 - 5 + 0*v + 590*v**2. Give u(w).
-17
Let o(u) = 3*u**3 - 5*u**2 - 4*u - 4. Let x be (-12)/27 + 64/(-18). Let s(v) = -2*v**3 + 5*v**2 + 4*v + 4. Let q(r) = x*s(r) - 3*o(r). What is q(-4)?
-4
Let n(w) = 10408 - 33*w - 10408. Determine n(1).
-33
Let y(q) = -1. Let k(n) = -n**2 + 6. Let a(l) = 6*k(l) + 31*y(l). What is a(4)?
-91
Suppose 5*w + 11 = -4. Let m = 80 - 73. Let p(b) = -3*b - b**2 + 3*b**2 - 3*b**2 - 6 + m + 0*b. Determine p(w).
1
Let h(p) = 2*p**2 + 47*p + 13. Let a(x) = 22*x - 1013. Let u be a(45). Calculate h(u).
-10
Let p(l) = -31*l + 43*l + 2*l**3 - 4 + 2*l**2 - 21*l - 2. Let i be p(2). Let x(b) = -b**2 - b + 22. Calculate x(i).
22
Let m(n) = n**2 - 17*n + 21. Suppose u = -3*f, -40 = -27*u + 25*u + 2*f. What is m(u)?
-9
Let l(o) be the third derivative of 7*o**4/24 + 7*o**3 + 3*o**2 + 295*o + 4. What is l(6)?
84
Let v(s) be the second derivative of 63*s - 3*s**2 - 7/6*s**4 - 1/20*s**5 + 2 - 13/6*s**3. What is v(-13)?
-6
Let q(o) be the third derivative of -o**6/120 - o**5/12 - 7*o**4/24 - 2*o**3/3 - o**2 - 46*o. Calculate q(-2).
-2
Let i(j) be the first derivative of -7*j**2/2 + 37*j - 2355. Give i(6).
-5
Let w(q) = -9*q - 1531 + 3062 - 1533. Determine w(3).
-29
Let x be (10/15)/(1/3). Let j(i) = 5*i**3 + 4*i**x - 20*i**3 + 7*i**3 - i + 2 + 7*i**3. What is j(4)?
-2
Let b(q) = -49*q + 7. Let c(s) = 131*s - 20. Let a(j) = -8*b(j) - 3*c(j). Let d be 7 + (3 - 1) + -1. Calculate a(d).
-4
Let o(h) = 2*h**2 - 3*h**2 - 3*h - 3*h. Suppose -3*b = -6239 + 6242. Let w(t) = -t - 1. Let k(z) = b*o(z) + 2*w(z). Determine k(-6).
10
Let u(o) be the first derivative of -o**5/40 - 7*o**4/24 + 4*o**3 - 3. Let l(f) be the third derivative of u(f). Suppose -3 = 4*x + 21. Determine l(x).
11
Let r(m) = -37*m**3 - 7*m**2 + 2*m + 80583 + 33*m**3 - 80584. Calculate r(-2).
-1
Suppose -123*g + 1475 + 370 = 0. Let l(u) = -5*u + 61. Determine l(g).
-14
Suppose -46*z + u = -50*z + 47, -4*z - 2*u = -46. Let q(p) = -p**2 + 14*p - 28. Give q(z).
-4
Let f(l) = 3 - 2*l**2 - 23 + 32*l - 10. Let w be f(15). Suppose w = 7*u + 22 + 13. Let z(j) = j**2 + 6*j + 6. Calculate z(u).
1
Let h be 4/10 + 0 + 112/(-5). Let w(u) = -2*u - 43. Let i be w(h). Let s(a) = 1. Let j(r) = r**2 + 4*r + 9. Let c(g) = i*j(g) - 6*s(g). What is c(-6)?
15
Let t(w) = 5 - 3 - 3 + w. Let f(y) = 2*y**2 - 10*y + 9. Suppose -30*c + 43 = -47. Let s be f(c). Determine t(s).
-4
Let v(p) = 7*p**2 - 6*p - 6. Let f(j) = -12*j**2 + 13*j + 13. Let i(z) = 4*f(z) + 7*v(z). Calculate i(-3).
-11
